t is the greatest common factor of 66 and u?
6
Suppose -c = 2*k - 23 - 8, 3*c - 21 = -2*k. Suppose -16 - 158 = r. Let t = r + 318. Calculate the highest common factor of t and k.
18
Let q be (-14)/(-4) + 16/32. What is the highest common divisor of 8 and q?
4
Let k(l) = 7*l - 24. Let x be k(6). What is the greatest common factor of 6 and x?
6
Let l be (-436)/(-18) + (-10)/45. Suppose -4*b + l = -b. Let t(p) = -p + 10. Let z be t(b). What is the greatest common factor of z and 6?
2
Let h = 229 + -225. Suppose 0 = 3*f - 5*f - 4, 3*g - 5*f - 40 = 0. Calculate the highest common factor of h and g.
2
Suppose -20 - 99 = -z. Suppose 3*r - 2*v - v = 39, -r + 3*v = -21. Suppose -8 - r = -j. Calculate the highest common divisor of z and j.
17
Let n = -20 + 31. Suppose 4*t - 153 - 67 = 0. Calculate the greatest common factor of n and t.
11
Let f be (1 + (-2)/3)*-6 - -16. Calculate the highest common divisor of f and 98.
14
Let o be 1 - (-6)/(-1)*-2. Calculate the greatest common factor of 13 and o.
13
Let p(k) = -63*k + 1. Let b be p(-1). Suppose -b = -4*a + 64. What is the greatest common factor of 16 and a?
16
Let z(p) = -30*p - 6. Let u be z(-3). Let i(c) = 14*c**2 + c + 1. Let v be i(-1). What is the highest common factor of u and v?
14
Let u be (-14)/1*(2 + -5). Calculate the greatest common divisor of u and 12.
6
Let q be -8*((2 - 4) + 1). Let t = q - 1. Let l = 3 - 2. What is the greatest common factor of t and l?
1
Suppose 4*q + 5*g - 9 = 43, -5*g + 60 = 5*q. Calculate the highest common divisor of q and 8.
8
Let d be 1 + 9 - (-1)/1. Let z be (1/(-2))/((-2)/60). Let j be z/(-3)*99/(-15). Calculate the greatest common divisor of d and j.
11
Suppose 6*l - 11 = 25. Calculate the greatest common divisor of 4 and l.
2
Let t(y) = y**2 + y + 4. Let s be t(0). Let r = 3 - s. Let z be (2 - 1)*(0 - r). Calculate the highest common divisor of 3 and z.
1
Let y = -6 - -21. What is the greatest common factor of 5 and y?
5
Let w = -7 - -21. Let a = w + 1. Calculate the highest common factor of 135 and a.
15
Suppose -q + 10 = -6. Let k = 160 - q. Calculate the highest common divisor of 16 and k.
16
Suppose -4*l = -43 - 5. Let o = l - 8. Calculate the highest common divisor of 36 and o.
4
Suppose 4*d + 5*n - 573 = 2*n, d = n + 145. Let o(u) = u**3 - 5*u + 4. Let v be o(3). What is the highest common divisor of d and v?
16
Let n(v) = -14*v - 5. Let w be n(-5). What is the greatest common divisor of w and 13?
13
Suppose 2*y - 18 = -y. Suppose 4*o = o + y. Suppose z + 6 = o*z. What is the greatest common factor of 15 and z?
3
Let a = 6 - 3. Let p be -3 + 6 - (-2 - 0). Suppose -22 = -p*m + m + a*r, 3*m + 3*r - 6 = 0. Calculate the highest common divisor of 12 and m.
4
Let x = -216 + 321. What is the highest common factor of 15 and x?
15
Let n(m) = 5*m. Suppose -4*s - 37 = -3*r - 3, 0 = -2*r - 4*s - 4. Let i be n(r). What is the highest common divisor of i and 45?
15
Let g(n) = -n**3 + n**2 - 4. Let v be g(0). Let y be 6/v*(-4)/3. Calculate the highest common divisor of 8 and y.
2
Let t be ((-9)/(-15))/(1/130). What is the highest common factor of 52 and t?
26
Let x(i) = 25*i + 5. Let q be x(4). Calculate the highest common factor of q and 15.
15
Let b = -26 - -52. Calculate the greatest common divisor of 65 and b.
13
Let p be (-49)/(1 - (-10)/(-8)). What is the greatest common factor of 28 and p?
28
Let v be 4/5*5/2. Suppose -t - 3 = -6*i + v*i, -3*i + 1 = -t. Suppose -2*h = 9 - 29. What is the greatest common factor of h and i?
2
Let d be (-8)/(40/(-75)) - 0. Calculate the highest common divisor of d and 6.
3
Let m be (16 - -2)/(16/24). Calculate the highest common divisor of 18 and m.
9
Suppose -2*i = -5 - 1. Suppose -k + 3*k = i*y - 14, -2*k + 4 = 0. What is the highest common factor of 42 and y?
6
Let p = -21 + 39. What is the highest common factor of 6 and p?
6
Let t be (10/15)/(2/87). Let i = t - -6. What is the highest common factor of 7 and i?
7
Suppose 2*n - 46 + 8 = -5*l, 0 = -5*n - 4*l + 78. Calculate the greatest common factor of n and 14.
14
Suppose -102 = -7*i + i. What is the greatest common divisor of i and 153?
17
Let s be 2/(-3) + (-1014)/(-9). Let u be 252/(-45)*(-5)/2. Calculate the highest common factor of s and u.
14
Suppose -t + 7*t = 18. Calculate the greatest common factor of 33 and t.
3
Let j(a) = -7*a + 10 + 0 - 2*a**2 - 3*a**2 + 6*a**2. Let u be j(7). What is the highest common divisor of 5 and u?
5
Suppose 0 = 2*d - z - 80, 3*d - 5*z = -0*d + 120. Suppose 5*q + 0*q + 3*l - 31 = 0, -5*q = -5*l - 15. Calculate the greatest common factor of d and q.
5
Suppose 4*t + 0 = 5*i + 3, 3*t + i = 7. Calculate the highest common divisor of 11 and t.
1
Let i(a) = a**2 - 4*a - 3. Let r be i(6). Suppose 3*s + s + 12 = 5*c, c = -s + 6. Let o be (-18)/((-3)/6*c). What is the greatest common divisor of o and r?
9
Suppose -75 = -8*a + 3*a. Let g = a + -11. Suppose 3*j + g*n = j + 8, 3*j + 2*n - 24 = 0. Calculate the greatest common factor of 25 and j.
5
Suppose -3*s = -x - 0 - 12, 0 = -2*x - 5*s + 31. Calculate the highest common divisor of x and 27.
3
Let v(q) = q - 1. Let t be v(11). Let y(z) = -6 + 6*z + 2 - 4*z. Let a be y(t). Calculate the greatest common factor of 8 and a.
8
Suppose 4 = 4*h, -s - 2*s + 5*h = -22. Calculate the highest common factor of 9 and s.
9
Let h be (-24)/(-10) + 4/(-10). Suppose 2*b + h*d - 10 = -2*d, 5*b = 5*d + 10. Suppose b*m = 6 + 9. Calculate the highest common factor of m and 5.
5
Let p be (-2776)/(-14) - 14/49. Suppose 5*o - 95 = -5*m, -3*o - m = o - 85. Calculate the highest common factor of o and p.
22
Let j = -4 + 16. Let h(n) = n**3 - 13*n**2 + 14*n - 16. Let b be h(j). Calculate the greatest common divisor of 88 and b.
8
Suppose -s + 347 + 136 = 4*n, -122 = -n + s. What is the greatest common factor of 22 and n?
11
Let c = -58 + 68. Calculate the greatest common factor of c and 15.
5
Let a be 11/3 + (-4)/6. Let k(u) = -41*u**3 + u**2 + u + 1. Let v be k(-1). Suppose v = 6*l - 4*l. Calculate the highest common divisor of a and l.
3
Let k be 89 + (-1 - 0/(-2)). Let s(o) = 5*o. Let l(t) = -4*t - 1. Let j(v) = -4*l(v) - 3*s(v). Let z be j(7). What is the greatest common factor of z and k?
11
Let p be -2 + (-2*113 - 1). Let b = 386 + p. Let w = -85 + b. Calculate the greatest common divisor of 12 and w.
12
Suppose -5*x = -5*b - x + 196, -2*x = 2*b - 82. What is the highest common divisor of 100 and b?
20
Suppose -3*l + d + 354 = 0, 3*l - 2*d - 504 = -147. What is the greatest common factor of l and 13?
13
Let g = -9 - -23. Let b(s) = -s**2 + 18*s - 60. Let l be b(9). What is the highest common divisor of l and g?
7
Suppose 3*x - 48 = 12. Let j be (8/(-5))/(2/(-10)). Calculate the greatest common divisor of x and j.
4
Suppose 3*o - n = -1 + 41, -4*o + 51 = n. Calculate the highest common divisor of o and 13.
13
Let f = 99 + -46. Let k = -32 + f. Calculate the greatest common factor of k and 147.
21
Let g(z) = z**2 - 9*z - 1. Let b be g(10). What is the highest common factor of 9 and b?
9
Suppose d + 2*d = 24. Calculate the highest common divisor of 40 and d.
8
Suppose -5*v = -10, 0*j = -5*j + v + 108. Let u(n) = n**3 + 7*n**2 - 2*n - 5. Let w be u(-5). Calculate the highest common factor of j and w.
11
Let b be 3/(2/(-12 + 2)). Let p = 26 + b. Let g = -187 - -308. What is the greatest common divisor of g and p?
11
Suppose 5*o + 20 = o. Let y be 44/o*15/(-2). Calculate the highest common factor of 44 and y.
22
Let l be (-30 - 1)/(4/4). Let c = -15 - l. Suppose 4*t - 2*t = c. Calculate the greatest common divisor of 32 and t.
8
Let b(d) = -18*d - 3. Let g be b(-7). Suppose -w + 3*p + g = 17, 4*p = 3*w - 328. Suppose x - w = -x. Calculate the greatest common divisor of 7 and x.
7
Suppose i = 3*i - 34. Calculate the highest common divisor of i and 136.
17
Suppose 4*n - 33 = n. Calculate the highest common divisor of 33 and n.
11
Suppose 3*k + 4*w = -36, -3*k = -3*w + 4*w + 27. Let p = 10 - k. What is the highest common factor of p and 2?
2
Let o be (-1)/1*(109 + -3). Let j = o - -68. Let a be (-6)/12 + j/(-4). What is the highest common factor of 45 and a?
9
Suppose 14 = n - 12. What is the greatest common factor of 39 and n?
13
Let h(a) = 3*a - 6. Let k be h(5). Let q be (3/k)/(2/90). What is the highest common divisor of